 the ten thousands digit of y?
1
Let i(f) = 3*f + 5*f**2 + 2*f**2 - 6 - 2*f**2 + 25. What is the tens digit of i(-9)?
9
What is the tens digit of 15/(-1)*29/(-145) - -17900?
0
Let o(v) = 4*v**3 + 47*v**2 + 26*v - 108. Let x(n) = 3*n**3 + 47*n**2 + 25*n - 107. Let d(h) = -2*o(h) + 3*x(h). What is the units digit of d(-46)?
3
Let x(i) = i**2 - 223. Let w be x(-15). Suppose 21*o + 820 = 22*o - 2*q, -w*o = q - 1630. What is the units digit of o?
6
Let j be (-4 + 2)*10/(-4). Suppose j*i = v - 28, 3*v + 5*i = v - 19. Let u(a) = 2*a**3 + a**2 - a. What is the tens digit of u(v)?
6
Let d(z) = -z**3 - 10*z**2 - 10*z - 101. Let t be d(-10). What is the tens digit of (-7 + -3819)*t/2?
1
Let p be (1 + -137)/(7*(-2)/147). Let g = p - 964. What is the hundreds digit of g?
4
Let j(b) = 793*b**2 + 13*b - 32. What is the hundreds digit of j(2)?
1
Let t be ((-68)/(-5)*-1)/(8/(-20)). Let z = -17 + t. Suppose 326 = 7*s - z. What is the units digit of s?
9
Let l(v) = 25*v + 176. Let s be l(9). What is the tens digit of (-1)/(-3)*21 + s?
0
Let w = -14 + 44. Let l be (-1)/1 - (20750 + 3). What is the tens digit of 4/w + l/(-270)?
7
Let i = -6699 + 15451. What is the units digit of i?
2
Suppose -6*y + 3*y = 3*y. Let b be (-5 + 4)/1 + (y - -180). Suppose 2*c + 0*c = -3*j + 93, 4*c - j - b = 0. What is the units digit of c?
5
Suppose 66*f - 78*f = -252. What is the units digit of -3*(-70)/f - -4?
4
Let y(f) = 78*f**3 - 7*f**2 - 27*f + 81. What is the tens digit of y(3)?
4
Let o be (4 - 30)*(0 + 22/4). Let v = -95 - o. Let b = v - -47. What is the units digit of b?
5
Let i be ((-4)/3)/((-4)/(-240)). Let n = -138 - i. What is the tens digit of 20/(-2 - 3) - n?
5
Let t(k) = -38*k - 144. Let u(z) = 8*z + 142. Let i be u(-21). What is the hundreds digit of t(i)?
8
Let j be (-1)/1 + 3 - -3. Suppose -j*g + 6*g = 280. Suppose 0 = 4*k - 3*k + 5*o - 85, -4*o - g = -5*k. What is the tens digit of k?
6
Suppose -8*j - 5*j + 87025 = -21161. What is the hundreds digit of j?
3
Let s(h) = -4*h - 77. Let p be s(-27). Let x = p + 88. What is the units digit of x?
9
Suppose -3*u = 56*a - 57*a + 69, -u + 224 = 4*a. Suppose -3*y + 251 = -b, -a = -5*y - 3*b + 352. What is the tens digit of y?
8
Let c(n) = 1700*n**2 + 5*n - 4 - 3*n - 1683*n**2. What is the tens digit of c(-2)?
6
Suppose -3*d + 8476 = -0*u - 4*u, -5*u = -3*d + 8474. Suppose -10*y + 8*y + d = 0. What is the units digit of y?
4
Let b be 4191/27 + 4/(-18). Suppose 0 = -104*j + 111*j - 1771. Let h = j - b. What is the units digit of h?
8
Suppose -s - 1475 + 7206 = 2*u, 2853 = u - 2*s. Suppose -6*r = -13*r + u. What is the units digit of r?
9
Let i = 59950 - 19871. What is the tens digit of i?
7
Let n = -208 - -212. Suppose -n*h - 950 = -9*h. What is the tens digit of h?
9
Let v = 120 - 124. Let m be 1*(1780/(-8) - (-2)/v). Let i = m + 466. What is the hundreds digit of i?
2
Let g = 1215 - 1103. Let x(q) = q**2 - 2*q - 1. Let w be x(-1). What is the tens digit of w*5/(20/g)?
5
Let r(j) = -5*j**3 + 6*j + 3 - 7 + 3*j**2 + 8 + 0*j**3. What is the units digit of r(-3)?
8
Suppose 5*r - 14 = -4. Let l(z) = -2*z**3 + 20*z**2 + 26*z - 149. Let w be l(10). What is the units digit of w - 1 - (3 - (1 + r))?
0
Suppose 3*m - 21 = -3*v, 0 = -3*v + 2*v + 4*m - 3. Suppose -3*x + 769 = -v*r, 0*x - 4*x - 4*r = -1068. What is the hundreds digit of x?
2
Let b be (1/(-2))/(2/660*-3). Let q = b - 53. What is the hundreds digit of 211 + (-10 + q)/(-4)?
2
Let i = -203 + 212. What is the hundreds digit of 1*(-1 + i)*1727/44?
3
What is the tens digit of ((-36)/(-5))/((-104)/(-215020))?
8
Suppose -v - 2180 = -4*c, 8*v - 3*v + 2164 = 4*c. Suppose 0*y - 5*a = -4*y - c, 4*y - 2*a = -552. Let w = y - -239. What is the hundreds digit of w?
1
Let t = -5872 + 31714. What is the units digit of t?
2
Suppose -4*n = i - 303682, -3*i - 232769 + 5015 = -3*n. What is the tens digit of n?
2
Let w = -32775 + 46440. What is the units digit of w?
5
Let v(a) = -112*a + 154. Let z be v(-11). Suppose -2*p = i - 1760, -3*p + 5*i = -z - 1267. What is the tens digit of p?
8
Let j be (-90 + 217)/((0 - 2)/(-22)). What is the tens digit of j - (-2 - (-5 + 3/(-3)))?
9
Let o(h) = -269*h + 10. Let k be o(2). Let p be 2/17 + k/(-136). Suppose -900 = -p*j - 2*m, 5*j + m - 1128 = -0*m. What is the tens digit of j?
2
Let j = 26612 + -41556. What is the tens digit of 12/(-14) + j/(-56)?
6
What is the tens digit of 12/(-80)*(-148)/(-222) - 1299882/(-20)?
9
Let g be -2*(-5)/2*(1 - 0). Suppose 5*p + 5 = -5*n + 35, -3*p + 16 = g*n. Suppose 481 = p*a - 520. What is the hundreds digit of a?
1
Let h = -39762 - -59763. What is the hundreds digit of h?
0
Let d(n) = -66*n - 76. Let i be d(-20). Suppose -17*r + 4321 = i. What is the tens digit of r?
8
Let n(f) = -861*f + 45. What is the tens digit of n(-12)?
7
Let m(i) = -7*i**3 - 18*i**2 - 14*i + 248. What is the tens digit of m(-19)?
2
Let o(u) = -25*u + 92. Let m be o(4). Let a(t) = 8*t**2 + 10*t - 11. What is the tens digit of a(m)?
2
Let g be 1 - 5 - (11 - 15)/2. Let y = -702 + 114. What is the units digit of y/(-18)*(1 - g)?
8
Suppose 364*s - 23935 = -t + 368*s, -s = -4*t + 95710. What is the hundreds digit of t?
9
What is the thousands digit of -1*(-47017)/3 - (-58)/87?
5
Let n be (-6 + 3)/((-6)/(-54)). Let a = n - -72. What is the tens digit of a?
4
Suppose -17*n + 22*n - 2*c = 38700, -c + 30947 = 4*n. What is the thousands digit of n?
7
Let f be (0 + 0 + -1)*(2 + -4). Suppose v + 2*h - 217 = -0*h, 4*v - f*h = 888. What is the tens digit of v?
2
What is the thousands digit of 1/((-13)/(-208)) + 39827?
9
Suppose t = -2*p + 12, 4*t + p = 5*p - 12. Suppose -5*g + 11 = -9. Suppose 52 = 2*k - 5*r - 24, t*r + 184 = g*k. What is the tens digit of k?
4
Suppose 15 = l + 4*j, -5*l + j = -3*l - 21. Suppose 0 = -l*v + 5*v + 18. Suppose 6*r = v*r + 144. What is the tens digit of r?
4
Let m be -7 - (-3 + 6 - 5) - -309. Suppose 4*c - m = -5*p, 10*p = 3*c + 7*p - 255. What is the units digit of c?
1
What is the tens digit of (21896/112)/(0 - (-2)/220)?
0
Let r(z) = z**3 + 55*z**2 - 4*z - 79. What is the units digit of r(-51)?
9
Suppose 0 = -2*m - 5 - 3, 2*m - 3857 = -5*k. Suppose -5*t + 1277 + k = 0. What is the units digit of t?
0
Let c(x) = x**2 - 13*x - 1. Let i be c(9). Let u = -39 - i. What is the units digit of 313/2 + (5/(-2) - u)?
6
Suppose 3*l - a = 215, 2*l - 11 = 4*a + 149. What is the units digit of 3924/14 - 20/l?
0
Suppose 0 = 3*h - 4*h + 122. Let p = 418 - h. What is the units digit of p?
6
Let o(b) = 41*b - 277. Let u be o(7). What is the thousands digit of 3 + 19275/u*4/6?
1
Let f = -8425 + 15177. What is the hundreds digit of f?
7
Let u be 970/8 + (-5)/20. Suppose -2*i - 123 = 3*d - 6*i, -i - 164 = 4*d. Let w = u + d. What is the tens digit of w?
8
Suppose 5*i = 94 + 46. What is the hundreds digit of (1948/(-18))/(i/(-252))?
9
Let o = -25 + 26. Suppose 4*t = 5*f - 56, 0 = -t - f + o - 6. What is the hundreds digit of (-1)/(((-27)/(-330))/t)?
1
Suppose -f - 2 = -4*c, -4*f + 6*f - 32 = -c. Let a(i) = 2*i - 24. Let z be a(f). Suppose z*k - 409 = d, -4*k + 506 = k + 4*d. What is the tens digit of k?
0
Suppose -10 = 3*t + 2*g, 5*t + 2*g - 3*g = 5. Suppose t = -3*f + 44 + 1. Suppose -b + f = -63. What is the tens digit of b?
7
Let u be (3 + 159)*248/16. Suppose -n = 8*n - u. What is the units digit of n?
9
Let i be 14/(-49) + 77712/(-56). What is the tens digit of (2 + 15/(-12))*(24 - i)?
5
Suppose k = -26 + 29, 2*k = -3*y + 17574. What is the hundreds digit of y?
8
Let z = 26179 - 17565. What is the thousands digit of z?
8
Suppose 0 = 4*g + 4*h - 112432, 132 - 162 = 5*h. What is the hundreds digit of g?
1
Suppose -10649 = 3*r - 3*p - 54524, -r + 2*p + 14628 = 0. What is the hundreds digit of r?
6
Let n(q) = 20*q**2 + 40*q + 255. What is the hundreds digit of n(-9)?
5
Suppose -m + 2*v + 109 = 0, -m - 105 = -2*m - 2*v. Suppose 5*a - 1340 = 5*h, a = -2*h + 158 + m. What is the tens digit of a?
6
Let w = 4 + -24. Let y(c) = c**3 + 21*c**2 + 18*c - 21. Let h(b) = -b**3 - 21*b**2 - 17*b + 20. Let r(q) = -4*h(q) - 3*y(q). What is the units digit of r(w)?
3
Suppose -3*g + 4976 = m, -6672 = -1875*g + 1871*g + 4*m. What is the tens digit of g?
6
Let r = -58 + 117. Suppose -3*s - r = -4*s. What is the tens digit of s?
5
Suppose -j + 4*h + 13 = 0, -j = 3*